659 a prime number?
True
Is 1348172477 a prime number?
True
Is 3391218539 composite?
True
Is 1562152087 prime?
False
Is 1218279379 a composite number?
False
Is 14648526979 a prime number?
True
Is 10734993271 prime?
False
Is 15340194607 a prime number?
False
Is 536983003 composite?
False
Is 132504962489 a composite number?
False
Is 6083018869 a prime number?
False
Is 21571853593 a composite number?
False
Is 13992655433 a composite number?
False
Is 97048819579 composite?
True
Is 4868661583 a prime number?
False
Is 351288257 a prime number?
True
Is 1628752919 a composite number?
False
Is 27910018879 prime?
True
Is 211109308277 prime?
False
Is 49252698293 composite?
False
Is 275683153 prime?
False
Is 732876091 composite?
False
Is 152845576763 a composite number?
True
Is 337941834817 a composite number?
False
Is 2193500183 prime?
False
Is 246861977 composite?
False
Is 5106510973 a composite number?
False
Is 34295791433 a prime number?
True
Is 778945837 a composite number?
False
Is 6304770853 prime?
True
Is 44290541221 a prime number?
False
Is 71222798633 prime?
False
Is 120890768143 composite?
True
Is 285627443 a composite number?
True
Is 1420137443 prime?
False
Is 212855353 a prime number?
False
Is 22808906909 composite?
False
Is 281147969 a composite number?
False
Is 30227288809 a composite number?
False
Is 12666977201 composite?
False
Is 14363156551 a prime number?
False
Is 361335115 composite?
True
Is 42568295177 prime?
False
Is 9012249209 a prime number?
False
Is 42338887597 prime?
True
Is 448992281 composite?
True
Is 1306497503 prime?
False
Is 3049938343 a prime number?
True
Is 192413771 a composite number?
True
Is 1451130259 a composite number?
True
Is 3830959177 a composite number?
True
Is 1440048593 a prime number?
True
Is 630321491 composite?
True
Is 2455724233 prime?
False
Is 4360219397 prime?
False
Is 968774491 prime?
True
Is 228315911 a composite number?
True
Is 585611627 a composite number?
False
Is 6805108853 a prime number?
False
Is 1856659997 a composite number?
False
Is 110605415 a prime number?
False
Is 164411591 a composite number?
True
Is 605866285 a prime number?
False
Is 133845705337 a composite number?
True
Is 5279212031 a composite number?
True
Is 65600674994 composite?
True
Is 867260419 prime?
True
Is 1344809237 composite?
False
Is 1244972123 a prime number?
True
Is 2548489477 composite?
False
Is 6128908781 a composite number?
False
Is 7705381913 a composite number?
True
Is 21713095379 a composite number?
False
Is 445058581 a composite number?
True
Is 29550290299 prime?
False
Is 27452634035 prime?
False
Is 3706115307 a prime number?
False
Is 476561623 a prime number?
False
Is 824463421 a prime number?
True
Is 342470837 a prime number?
True
Is 1864472251 composite?
True
Is 480115111 a composite number?
True
Is 9569318303 prime?
True
Is 216894397 prime?
True
Is 19661270966 composite?
True
Is 6356096237 prime?
True
Is 6924853451 composite?
False
Is 497038039 a prime number?
False
Is 786732517 composite?
True
Is 24178123811 a composite number?
False
Is 11151596087 composite?
False
Is 25086984149 composite?
True
Is 489895543 prime?
False
Is 2304238771 a prime number?
True
Is 1168338559 a composite number?
False
Is 96352169 prime?
True
Is 254773301 prime?
True
Is 335219593 a prime number?
False
Is 111293596343 a composite number?
True
Is 12271815883 a prime number?
False
Is 2643801989 a prime number?
False
Is 4376169181 a composite number?
True
Is 8302329437 prime?
False
Is 30249101573 prime?
True
Is 83528120849 a prime number?
False
Is 31599912871 a prime number?
False
Is 6219873071 prime?
True
Is 10866105533 a composite number?
True
Is 1681194103 a prime number?
True
Is 52171293 composite?
True
Is 10661366173 prime?
True
Is 38295685453 composite?
False
Is 298940071 a prime number?
False
Is 1425976703 prime?
True
Is 1500732049 a composite number?
True
Is 5288314943 composite?
True
Is 1049701739 prime?
False
Is 14186759 a prime number?
False
Is 134404118477 a prime number?
True
Is 4906776367 a prime number?
False
Is 2109164219 a composite number?
True
Is 1515049331 composite?
False
Is 6550452199 composite?
False
Is 512792419 a prime number?
False
Is 116404723 a composite number?
False
Is 810717433 prime?
True
Is 3975285673 composite?
True
Is 54926926433 composite?
False
Is 1286923657 composite?
False
Is 15559854743 a composite number?
False
Is 38673067 a prime number?
False
Is 102912286 prime?
False
Is 1681357121 prime?
False
Is 12658567 prime?
True
Is 18407538077 composite?
False
Is 7113632581 a prime number?
False
Is 49618577 composite?
False
Is 46816262411 composite?
False
Is 5329939553 a prime number?
True
Is 3712623899 a composite number?
True
Is 99459223 a composite number?
False
Is 1706680961 a composite number?
False
Is 2835764153 a prime number?
False
Is 33425663009 a composite number?
True
Is 120915503 a composite number?
True
Is 320691073 a prime number?
True
Is 11804786837 prime?
False
Is 914619377 prime?
False
Is 829120339 prime?
True
Is 10387183153 composite?
True
Is 1324983143 composite?
True
Is 51731618255 composite?
True
Is 4187544157 a composite number?
True
Is 183415909 a prime number?
True
Is 1762807565 a composite number?
True
Is 619993711 composite?
False
Is 200378033 composite?
False
Is 199837783 composite?
False
Is 2778663059 a prime number?
False
Is 1093938935 composite?
True
Is 13270922947 prime?
True
Is 176566523 composite?
True
Is 28467231809 composite?
False
Is 44507890597 composite?
True
Is 3247414097 prime?
False
Is 6877576019 a prime number?
True
Is 15457873 composite?
False
Is 485315531 a prime number?
False
Is 161220071 prime?
False
Is 659293951 a composite number?
True
Is 22706119831 prime?
False
Is 113833583 prime?
False
Is 13661369543 prime?
False
Is 57140594317 a prime number?
False
Is 3638258473 a composite number?
True
Is 618180335 a composite number?
True
Is 52990601845 a composite number?
True
Is 2411506481 a composite number?
False
Is 9247807001 a prime number?
False
Is 374129188861 a composite number?
False
Is 32505717733 a prime number?
True
Is 815824727 composite?
False
Is 16582139387 prime?
False
Is 721485811 a composite number?
True
Is 9091457587 a composite number?
True
Is 14812220491 composite?
False
Is 9448155749 a prime number?
True
Is 73558154 a prime number?
False
Is 1409958457 a composite number?
False
Is 66599282949 a composite number?
True
Is 204992281919 a prime number?
False
Is 17589112927 a prime number?
True
Is 364728839 a prime number?
True
Is 1195222597 a prime number?
True
Is 368482579 composite?
True
Is 4755047581 a prime number?
True
Is 9262098641 a prime number?
False
Is 24381188399 a prime number?
True
Is 16329717253 composite?
True
Is 2083349 composite?
True
Is 11159578747 a prime number?
True
Is 315373771 prime?
True
Is 154254809 prime?
True
Is 73309541587 prime?
False
Is 94513439 composite?
False
Is 169097927 a composite number?
True
Is 156034367 composite?
False
Is 6887269619 a composite number?
True
Is 151592224345 a prime number?
False
Is 954071197 composite?
True
Is 118243967 a prime number?
True
Is 2464225699 a prime number?
False
Is 1092227845 composite?
True
Is 835029011 a composite number?
False
Is 7323856369 a prime number?
False
Is 2582981301 a composite number?
True
Is 878156483 composite?
True
Is 10084575058 prime?
False
Is 685989757 composite?
True
Is 3620045423 a prime number?
False
Is 26310583667 composite?
False
Is 2906438981 a composite number?
False
Is 5403017491 a composite number?
True
Is 9979707095 a composite number?
True
Is 61697567609 composite?
True
Is 5312184341 a composite number?
True
Is 18880214011 composite?
False
Is 8687002106 a composite number?
True
Is 157735043 a prime number?
True
Is 14927701079 prime?
True
Is 133088117 prime?
True
Is 1471003 a prime number?
False
Is 23580007487 a prime number?
True
Is 1378991213 a prime number?
True
Is 28729065047 a prime number?
True
Is 790390753 a prime number?
True
Is 97329031 a prime number?
False
Is 112921163 a prime number?
True
Is 8650081651 a prime number?
False
Is 7393049897 a composite number?
False
Is 18039980789 a composite number?
False
Is 5295556619 composite?
False
Is 1261082243 prime?
False
Is 10917762407 composite?
True
Is 27969443 composite?
False
Is 2675274593 a prim